d by t.
8
Let d be (-2)/(-4)*(3 - 1). Let u = 3 + d. Suppose -41 = -5*b + 14. What is the remainder when b is divided by u?
3
Suppose -10 = z - 3*z. Suppose 5*i + 5 = z*q, 2*i = -2*i + q + 5. What is the remainder when -13*i*(-2)/4 is divided by 7?
6
Let x(c) = -9*c**2 + 5*c - 13. Let s(d) = 5*d**2 - 3*d + 7. Let j(v) = 11*s(v) + 6*x(v). Let t = -12 - -29. Calculate the remainder when t is divided by j(-2).
8
Suppose 0 = -7*o + 10*o + 3*u - 243, 12 = -4*u. What is the remainder when o is divided by 22?
18
Let j(x) = x**3 + 9*x**2 + 8*x + 12. Let r(l) = l**3 + 9*l**2 + 7*l + 11. Let w(p) = 5*j(p) - 6*r(p). Calculate the remainder when 22 is divided by w(-9).
10
Suppose -3*s + 8*s - 10 = 0. Suppose -s*z = 15 - 3. Calculate the remainder when ((-21)/(-2))/(z/(-8)) is divided by 5.
4
Suppose -2*f + 8 = -4*s + 6, -4*f = s - 40. What is the remainder when 62 is divided by f?
8
Suppose 4*n + 6 = j, -2*j - 2*n = -6*n - 12. Let r = -4 + j. Suppose 2*x = 3*d + 29, -5*x + 2*d = -r*x - 41. What is the remainder when x is divided by 7?
6
What is the remainder when 63 + (0/(-1) - 1) is divided by 13?
10
Suppose -9 = 5*p + 3*x - 27, -4*p + 3*x = -36. Suppose 0 = 3*r - p*r + 12. Suppose -s + 5 = -1. What is the remainder when s is divided by r?
2
Let l = -2 + 6. Suppose -4*m - 179 = -c - 4*c, 0 = c - l*m - 39. Calculate the remainder when c is divided by 5 + 60/8 - 1/2.
11
Suppose 2*i + 0*i - 6 = 0. Suppose 5*s - i*s = 10. Suppose -4*v + s = -3*v. What is the remainder when v is divided by 3?
2
Suppose -5 = -s + x, 9*s - x = 4*s + 17. Suppose s*o + 16 = 7*o. Suppose -3*h + o*h - p = 8, h - 6 = -p. Calculate the remainder when 20 is divided by h.
6
Let k(v) = 2*v**2 + 5*v - 3. What is the remainder when k(-4) is divided by 7*(-3 - 81/(-21))?
3
Let k = 20 + -3. What is the remainder when 66 is divided by k?
15
Let g(z) = 45*z**2 - 4*z - 3. Calculate the remainder when g(-1) is divided by 17.
12
Suppose 3*b = 6*b - 48. What is the remainder when 27 is divided by b?
11
Let m(x) = x**3 + 7*x**2 + 10*x + 2. What is the remainder when 76 is divided by m(-4)?
6
Let u(p) = 16*p - 2. Let y = -2 + 1. What is the remainder when u(1) is divided by (0 + y)/(2/(-10))?
4
Suppose 0 = -0*h + 2*h - 8. What is the remainder when 21 is divided by h?
1
Let t(n) = n**3 + 6*n**2 + 2*n - 1. Calculate the remainder when 38 is divided by t(-5).
10
Let s(g) = -g**2 - 8*g - 9. Let t be s(-6). Let p(n) = -7 + 3*n + 0*n + 2 - t. What is the remainder when p(6) is divided by 4?
2
Suppose -4*u + 8 = -2*a - 36, 0 = 2*a + 4*u + 4. What is the remainder when a/(-18) + (-169)/(-3) is divided by 15?
12
Calculate the remainder when 128 is divided by 3*-1*(-33)/((-15)/(-5)).
29
Suppose -4*b - 4*k = k - 373, 91 = b + 2*k. Calculate the remainder when b is divided by 20.
17
Calculate the remainder when 136 is divided by ((8/1)/2)/(9/63).
24
Let m(n) = -46*n + 1. Let g be m(2). Suppose -40 = -2*u - 5*j, 2*u + j = 28 - 4. Calculate the remainder when 13/g - 408/(-14) is divided by u.
9
Suppose 3*v + 27 = 5*f, 2*f - 4*f - 5*v = -17. Let z = 34 - f. What is the remainder when z is divided by 10?
8
Let q(i) be the second derivative of -23*i**3/6 + i**2/2 - 2*i. What is the remainder when q(-1) is divided by 13?
11
Let n(x) = -x**3 - 19*x**2 - x - 5. What is the remainder when 55 is divided by n(-19)?
13
Suppose -d + 48 = -0*d - 5*b, -4*b + 12 = 0. What is the remainder when d is divided by 16?
15
Let h = 5 + 2. Calculate the remainder when 24 is divided by h.
3
Suppose 0 = -h + x + 80 - 10, h + 3*x - 78 = 0. Let o = 2 - -13. Calculate the remainder when h is divided by o.
12
Let b(a) = -14*a + 8. What is the remainder when b(-5) is divided by 16?
14
Let w(j) = -59*j**3 + j + 2. What is the remainder when w(-1) is divided by 32?
28
Suppose -4*o + 3 - 11 = 0. Suppose 4*d = -d + p + 115, -p = d - 29. What is the remainder when -3 + d + 2 + o is divided by 6?
3
Let f(j) = j**3 + 17*j**2 - j - 12. What is the remainder when f(-17) is divided by 2?
1
Suppose 5*r = 3*r + 44. Calculate the remainder when 62 is divided by r.
18
Let m be ((-26)/8)/(2/(-24)). Calculate the remainder when ((-18)/(-27))/(2/m) is divided by 5.
3
Let j = -105 + 111. Let b = -11 - -27. Calculate the remainder when b is divided by j.
4
Let a = -123 - -222. Let v = -60 + a. What is the remainder when v is divided by 10?
9
Let p be 12/18 - (-10)/3. Suppose 4*u + p = 24. What is the remainder when u is divided by 4?
1
Suppose -d + 3*f + 11 = -2*f, 4*f + 4 = 0. Calculate the remainder when -24*2/(-6)*2 is divided by d.
4
Let i(p) = -2*p - 7*p**2 + 8*p**2 - 4*p + 3. Calculate the remainder when i(-6) is divided by 26.
23
Let m be 1 + -2 + (-8)/(-2). Let l(h) = -10*h - 2. Let s be l(m). Let j = s - -93. Calculate the remainder when j is divided by 21.
19
Suppose g - 24 = -3. What is the remainder when 267/g - 2/(-7) is divided by 4?
1
Let j(a) = -18*a - 17. Let n(k) = -12*k - 11. Let q(l) = 5*j(l) - 8*n(l). Calculate the remainder when q(6) is divided by 20.
19
What is the remainder when 15/1 + -6 + 4 is divided by 4?
1
Suppose 52 = -6*g + 190. Calculate the remainder when g is divided by 13.
10
Let b be 524/9 + (-2)/9. Suppose u + u = b. Let c(n) = n**2 - 6*n - 6. Calculate the remainder when u is divided by c(8).
9
Let u(g) = -g + 14. What is the remainder when 69 is divided by u(-10)?
21
Suppose 0 = 4*i + 16, 3*b + 5*i - 88 + 18 = 0. What is the remainder when 57 is divided by b?
27
Let r = 5 + -5. Let n(q) = -q**2 - q + 11. Calculate the remainder when n(r) is divided by 1/2*0 + 6.
5
Suppose -90 = -5*f + 5*u, -4*f + u + 48 + 21 = 0. Suppose s = -0*s + 50. Calculate the remainder when s is divided by f.
16
Suppose -4*g + 216 = 4*d, 0 = -3*g - 2*d + 60 + 106. Let z be (-22)/1 - 0/(-1). Let y = z + 42. Calculate the remainder when g is divided by y.
18
Let r(w) = -w - 2. Let p be r(-6). Suppose -p*n + 4*x + 20 = 0, -42 = -4*n + 5*x - 19. What is the remainder when (2 + -1 - n) + 15 is divided by 5?
4
Let b = 14 - 10. Calculate the remainder when 50 is divided by b.
2
Suppose -5*x + 16 = -t + 52, -64 = -3*t + 4*x. Calculate the remainder when -31*((0 - -2) + -4) is divided by t.
14
Let v(l) = 10*l + 19. Calculate the remainder when v(5) is divided by 24.
21
Let q(m) = 2 - 2 - 3 - 2*m. Let n = 3 + -5. What is the remainder when 2 is divided by q(n)?
0
What is the remainder when 49 is divided by (15 - -11)*2/4?
10
Suppose 6*g = 2*g + 84. Suppose 4*u + 9 = 1. Calculate the remainder when g is divided by -3*(u - 15/9).
10
Let o = -36 - -64. Calculate the remainder when 111 is divided by o.
27
Let k(i) = 2*i**2 - 4*i + 3. Calculate the remainder when k(-4) is divided by 11.
7
Let a(p) = 9*p**2 - 5*p + 3. Calculate the remainder when a(3) is divided by 7.
6
What is the remainder when 3/(5/134*102/85) is divided by 17?
16
Let n = -6 - -43. Suppose -n = -3*l - 3*w + w, 25 = 2*l + w. Calculate the remainder when 36 is divided by l.
10
What is the remainder when 31 is divided by (-5)/15*-3*17?
14
Suppose 12 = 3*r - 6. Let f(n) be the third derivative of n**6/120 - 7*n**5/60 + n**4/4 + n**3/2 + 47*n**2. What is the remainder when f(r) is divided by 3?
0
Let n(q) = 2*q**2 - 7*q - 7. Suppose 6*y - 43 = -v + 2*y, 38 = v + 3*y. What is the remainder when v is divided by n(5)?
7
Let h = -31 - -53. Suppose 2*a + 4*r - h = 0, -4*r = 5*a + r - 45. What is the remainder when 2/(1/(-1)) - -21 is divided by a?
5
Let t = -2 + 2. Suppose 2*y - 3*y - 4*c + 6 = t, 4*y + 4*c = 60. What is the remainder when y is divided by 10?
8
Let q(a) = -a**3 + 9*a**2 - 9*a + 4. Let h(k) = k. Let o be h(6). Calculate the remainder when q(o) is divided by 15.
13
Let l be -20 - (-2)/(-2 + 1). Calculate the remainder when 4 is divided by 4/l + 96/44.
0
Let y(c) = -12*c - 2. Calculate the remainder when 48 is divided by y(-1).
8
Let i be (-3)/(3 - 4 - 0). Suppose i*s - 7 = 14. What is the remainder when 20 is divided by s?
6
Calculate the remainder when (153/(-12))/((-1)/4) is divided by 18.
15
Let f(h) = -h**2 + h. Let a be f(0). Suppose -4*w - 4*m + 248 = a, -3*m + 253 = 4*w + 2*m. Let o = -38 + w. What is the remainder when 56 is divided by o?
18
Suppose 0 = -4*k + x + 8 - 1, 5*x - 19 = 2*k. Suppose 5*q + 3*p = 104, -k*p + 26 - 120 = -4*q. What is the remainder when q is divided b